atest common factor of i and a?
3
Let j be ((-26)/(-4) - 2)*6. Suppose -17*u = -9*u + 5*g - 283, -4*g = -2*u + 76. What is the highest common divisor of j and u?
9
Let m(g) = -g**3 + 16*g**2 - 14*g - 15. Let n be m(15). Suppose n = 4*r - 0*r + 112. Let b = r - -32. What is the greatest common factor of 4 and b?
4
Let s(u) = -2*u**2 + 36*u + 77. Let g be s(18). Suppose 612 = -68*q + g*q. What is the highest common divisor of 510 and q?
34
Let i be -2*(6 + (-1071)/42). Calculate the highest common divisor of 14989 and i.
13
Suppose -193*w - 138 + 2113 = -920. What is the greatest common factor of w and 7590?
15
Let z = 2832 + -2800. Let m be (1 - 2/(-1)) + 541. Calculate the highest common factor of z and m.
32
Let p be (2 + 294/63)*36. What is the greatest common divisor of 645 and p?
15
Let d(a) = a**3 + 34*a**2 + 25*a - 88. Let p be d(-33). What is the greatest common divisor of p and 848?
16
Let x(r) = 58*r**2 + 2*r + 1. Let s be x(-1). Suppose -213 = -6*u - s. Let h = 30 - 4. What is the highest common factor of u and h?
26
Suppose 65*m - 54 = 63*m. Suppose 2227 = m*a - 2714. Calculate the greatest common factor of 305 and a.
61
Let v(g) = -25*g - 91. Let n be v(-5). Suppose 35*k - 16 = n*k. What is the highest common divisor of 80 and k?
16
Let x = 101 + -73. Suppose 2*b = -5*j + 3 - x, -12 = 4*j. Let h = b + 8. What is the greatest common divisor of h and 3?
3
Let t(z) = -z**3 - 13*z**2 - 13*z - 10. Let l be t(-12). Let x be -1*(291 - (2 + l)). Let p = -154 - x. Calculate the highest common divisor of 19 and p.
19
Let w(l) = -8 + 9*l + 8*l - 8*l. Let v = -8 + 10. Let b be w(v). What is the greatest common divisor of 30 and b?
10
Suppose -30*n + 56 = -26*n - o, -o - 28 = -2*n. Calculate the highest common divisor of 1946 and n.
14
Let c(n) be the second derivative of n**5/20 + 11*n**4/4 - 35*n**3/3 + 7*n**2 - 7*n + 9. Let q be c(-35). What is the highest common factor of 728 and q?
14
Suppose -1056 = -3626*w + 3618*w. Calculate the greatest common divisor of w and 231.
33
Let r(c) = -59*c**2 + 471*c + 10. Let j be r(8). Let l = 16 - 3. Calculate the greatest common divisor of j and l.
1
Let d be (-1 - 1) + 3 + 1 - -79. Suppose i + 2*i - d = 0. Let f be 242/3 + 2/6. What is the highest common divisor of f and i?
27
Let t(d) = 9*d**2 - 168*d + 723. Let y be t(12). Let i(h) = 4*h**2 + h. Let x be i(-3). What is the greatest common divisor of y and x?
3
Let a(m) = m**2 + 3*m + 5*m - 77 + 93 + 0*m**2. Let j be a(-9). Let n = 37 - j. What is the highest common factor of n and 4?
4
Let n = -94 - -100. Let m(d) = 3*d**2 + 5*d - 14. Let r be m(n). Let y = r + -112. What is the greatest common divisor of y and 60?
12
Let j = 36 - 24. Suppose 62 = j*u + 38. What is the greatest common divisor of 4 and u?
2
Let s = -7 + 51. Let j be (-8)/196 - 16230/(-1470). Calculate the greatest common factor of j and s.
11
Let k = -12200 + 15013. Calculate the highest common factor of k and 464.
29
Let d = 39 - 6. Suppose 9*s - 10*s = -d. Calculate the highest common factor of s and 99.
33
Let o be ((-4)/(-6))/2 - 2169/27. Let s = -38 - o. Calculate the greatest common divisor of s and 21.
21
Let t be 5/3 + 2366/6. Suppose -t = -w - 8*w. What is the highest common factor of w and 22?
22
Let l(y) = -y**3 - 2*y**2 + 6*y + 13. Let s be l(-3). Let k be -8 + s + (66 - 25/5). What is the greatest common factor of k and 3?
3
Suppose 418 = 2*w - 2*b, 0*b - 4*b + 184 = w. Suppose -7*r = -4*r + 3*l - 1014, 0 = l + 2. Calculate the greatest common factor of r and w.
68
Let d be 14 - 22/(-33)*15. What is the highest common divisor of d and 78?
6
Suppose -3*w - 50 = a - 5*a, 4*a = -3*w + 62. What is the highest common divisor of a and 9100?
14
Suppose -2*j = 4*b - 2776, 4*b = 771*j - 769*j - 2744. What is the highest common factor of 15 and j?
15
Let a = 11 + 66. What is the greatest common factor of 8393 and a?
77
Suppose -8*k = 99 - 195. Suppose 0 = -2*o + 11 - 1. Suppose -k = -o*j + 8, -4*t = -3*j - 20. Calculate the greatest common divisor of 16 and t.
8
Let m be (-2)/8 + (-106004)/(-16) + 0 + 5. Calculate the highest common divisor of m and 65.
65
Let c = -19 - -36. Let t = -91077 - -91162. Calculate the greatest common factor of t and c.
17
Let k be 2/(-12) + (-508)/(-24)*1. Suppose k*f - 18*f = 72. Let u(b) = -5*b**3 + b**2 + b + 1. Let i be u(-1). Calculate the highest common divisor of i and f.
6
Suppose 631 = 17*s - 338. Let c be (-7)/(-2)*(-102)/(-119). Suppose 5 - 62 = -c*f. What is the greatest common factor of f and s?
19
Let g(m) = -m**2 + 3*m - 3. Let d be g(0). Let j = -47 + 27. Let o be (1 + 1/d)*(-8 - j). What is the greatest common factor of o and 4?
4
Suppose 3*z = -4*y + 41, 5*z + 49*y - 45*y = 63. Calculate the greatest common divisor of 407 and z.
11
Let r be 16 - (10/45 - 10/45). What is the greatest common factor of r and 1228?
4
Let i be (108/324)/((-2)/(-216)). Calculate the greatest common divisor of 1458 and i.
18
Suppose 5044*m - 5024*m - 400 = 0. What is the greatest common divisor of m and 2020?
20
Suppose 14*y = -4*z + 12*y + 13572, -5*z + 2*y = -16965. Calculate the greatest common factor of 36 and z.
9
Let s(d) = -2*d**2 + 7*d - 7. Let z be s(5). Let t be z - -19 - (-17)/1. Suppose 0 = 6*f - 290 - 550. What is the greatest common factor of f and t?
14
Suppose 3*q = 2*d, 0 = -2*d - 6*q + q. Suppose d = 7*t - 9*t + 12. Let a be ((-22)/t)/(7/(-189)). What is the greatest common divisor of 9 and a?
9
Suppose -6*b - 20 = -32. Suppose -8 = b*a - 6*a. Suppose -115 = -5*m - 25. Calculate the greatest common divisor of m and a.
2
Suppose -6*d + 8*d + 2*c + 244 = 0, -4*c + 352 = -3*d. Let k = d + 168. Suppose 4*s - 528 = 3*s. What is the greatest common factor of k and s?
48
Suppose -128 = c - 3*c. Suppose 0 = 90*o - 95*o - q + 108, o - 10*q + 60 = 0. Calculate the highest common divisor of c and o.
4
Suppose -4*i + 3647 = 1291. Let d = -409 + i. What is the greatest common divisor of d and 10?
10
Suppose 19*o - a - 128 = 15*o, -64 = -2*o - a. What is the highest common divisor of o and 24?
8
Let f be (-32)/(-112) - 572/(-7). Let u = 232 - f. Suppose 0 = -3*d - d + l + 183, 3*d = 5*l + u. What is the greatest common factor of 5 and d?
5
Let k(s) = 2*s**3 + 2*s**2 - 19*s + 27. Let v be k(2). What is the greatest common factor of 3523 and v?
13
Suppose -15 = 5*l - 15*c + 20*c, -l + 4*c = -17. Let w be ((3 + 0)*l)/((-165)/(-220)). Calculate the greatest common factor of w and 188.
4
Suppose 3548 = l + 12*z - 9*z, 0 = -6*z + 12. Calculate the highest common factor of l and 805.
161
Let m = 89 - 63. Suppose 45*y + 300 = 35*y. Let o be (y/25)/((-2)/65). What is the highest common factor of o and m?
13
Suppose -10*w - 27 = -19*w. Let h(m) = m**3 + m**2 + m + 6. Let b be h(w). What is the greatest common factor of b and 585?
45
Suppose -4*y = 2*a + 38, 5*a - 1 = -y + 12. Let r be (-6)/(-8)*16/(y/(-3)). What is the greatest common divisor of 5 and r?
1
Suppose -3*m + 4*a + 12 = 0, 5*a = 5*m + 7*a + 6. Let y(u) = -u**2 + 3*u + 377. Let c be y(m). Calculate the highest common factor of c and 13.
13
Suppose 444 + 1465 = 4*a + 5*c, -5*a = -4*c - 2376. Calculate the highest common factor of a and 1316.
28
Suppose -z - 2*i + 13 = -6*z, -2*i = 2. Let d be (2 - 5 - z)/(5 + -3). Suppose -a - 6 + 30 = d. What is the greatest common factor of 32 and a?
8
Let l(j) = 6*j - 58. Let x be l(13). Let f(h) = -h**3 + 20*h**2 - h + 58. Let p be f(x). What is the highest common divisor of p and 95?
19
Suppose 2*y = 4*y - 24. Let u be 3/12 - 5/((-120)/714). Calculate the greatest common divisor of y and u.
6
Suppose 0 = -5*x + 2*s + 1729, 2*s + s + 1041 = 3*x. What is the highest common divisor of x and 2553?
69
Let y be (3 - 9)*(-38 - (0 - 4)). Suppose -2*m = -4*q + y, -2*m + 3*m + 4 = 0. What is the greatest common divisor of q and 49?
49
Let w be 1/1*0 - -42. Let a = -4492 - -5249. Suppose -5*g - w = -a. Calculate the highest common factor of 13 and g.
13
Let i be (76/(-57))/(20/(-105)). What is the highest common divisor of i and 15071?
7
Let x = 119 + -94. Suppose -4*i = x - 77. Calculate the highest common divisor of i and 26.
13
Let a be (-2)/(-7) + 80/(-35) + 291. Let b = -179 + a. What is the greatest common factor of 22 and b?
22
Let r = 2392 - 2277. Calculate the gre